{"id":4,"date":"2016-09-05T22:52:43","date_gmt":"2016-09-05T20:52:43","guid":{"rendered":"http:\/\/kolbeck-grab.de\/wordpress\/?page_id=4"},"modified":"2025-06-26T16:49:07","modified_gmt":"2025-06-26T14:49:07","slug":"startseite-test","status":"publish","type":"page","link":"https:\/\/kolbeck-grab.de\/","title":{"rendered":"Startseite"},"content":{"rendered":"<p><strong><span style=\"font-family: arial, helvetica, sans-serif;\"><img loading=\"lazy\" decoding=\"async\" class=\"size-medium wp-image-493 alignleft\" src=\"http:\/\/kolbeck-grab.de\/wordpress\/wp-content\/uploads\/2018\/05\/Logo-KG2-transparent_white_2-300x37.png\" alt=\"\" width=\"300\" height=\"37\" srcset=\"https:\/\/kolbeck-grab.de\/wordpress\/wp-content\/uploads\/2018\/05\/Logo-KG2-transparent_white_2-300x37.png 300w, https:\/\/kolbeck-grab.de\/wordpress\/wp-content\/uploads\/2018\/05\/Logo-KG2-transparent_white_2-768x95.png 768w, https:\/\/kolbeck-grab.de\/wordpress\/wp-content\/uploads\/2018\/05\/Logo-KG2-transparent_white_2-1024x126.png 1024w, https:\/\/kolbeck-grab.de\/wordpress\/wp-content\/uploads\/2018\/05\/Logo-KG2-transparent_white_2.png 1264w\" sizes=\"auto, (max-width: 300px) 100vw, 300px\" \/><\/span><\/strong><\/p>\n<p><span style=\"font-family: arial, helvetica, sans-serif; font-size: 12pt;\"><span style=\"color: #333333;\">.<\/span><\/span><\/p>\n<p><span style=\"font-family: arial, helvetica, sans-serif; font-size: 12pt;\">Herzlich willkommen auf unserer Website!<\/span><\/p>\n<p><span style=\"font-family: arial, helvetica, sans-serif; font-size: 12pt;\">Als Fach\u00e4rzte f\u00fcr Arbeitsmedizin mit langj\u00e4hriger Erfahrung bieten wir Unternehmen <\/span><span style=\"font-family: arial, helvetica, sans-serif; font-size: 12pt;\">eine fundierte und pers\u00f6nliche betriebs\u00e4rztliche Betreuung.<\/span><\/p>\n<p><span style=\"font-family: arial, helvetica, sans-serif; font-size: 12pt;\">Unser Verst\u00e4ndnis einer hochwertigen arbeitsmedizinischen Betreuung setzt ein vertrauensvolles Verh\u00e4ltnis zwischen Betriebsarzt und Gesch\u00e4ftsleitung voraus.\u00a0Eingehende Kenntnisse der Arbeitsbedingungen vor Ort erm\u00f6glichen eine unabh\u00e4ngige wie kompetente Beratung von Arbeitgeber und Mitarbeitern zum Wohle des Unternehmens.<\/span><\/p>\n<p><span style=\"font-family: arial, helvetica, sans-serif; font-size: 12pt;\">Wenn Sie Fragen zur arbeitsmedizinischen Betreuung Ihres Unternehmens haben oder ein unverbindliches Angebot einholen m\u00f6chten, sprechen Sie uns gerne an!<\/span><\/p>\n<p>&nbsp;<\/p>\n","protected":false},"excerpt":{"rendered":"<p>. Herzlich willkommen auf unserer Website! Als Fach\u00e4rzte f\u00fcr Arbeitsmedizin mit langj\u00e4hriger Erfahrung bieten wir Unternehmen eine fundierte und pers\u00f6nliche betriebs\u00e4rztliche Betreuung. Unser Verst\u00e4ndnis einer hochwertigen arbeitsmedizinischen Betreuung setzt ein vertrauensvolles Verh\u00e4ltnis zwischen Betriebsarzt und Gesch\u00e4ftsleitung voraus.\u00a0Eingehende Kenntnisse der Arbeitsbedingungen vor Ort erm\u00f6glichen eine unabh\u00e4ngige wie kompetente Beratung von Arbeitgeber und Mitarbeitern zum Wohle des &hellip; <\/p>\n<p class=\"link-more\"><a href=\"https:\/\/kolbeck-grab.de\/\" class=\"more-link\">Continue reading<span class=\"screen-reader-text\"> &#8220;Startseite&#8221;<\/span><\/a><\/p>\n","protected":false},"author":1,"featured_media":0,"parent":0,"menu_order":0,"comment_status":"closed","ping_status":"closed","template":"","meta":{"footnotes":""},"class_list":["post-4","page","type-page","status-publish","hentry"],"_links":{"self":[{"href":"https:\/\/kolbeck-grab.de\/index.php?rest_route=\/wp\/v2\/pages\/4","targetHints":{"allow":["GET"]}}],"collection":[{"href":"https:\/\/kolbeck-grab.de\/index.php?rest_route=\/wp\/v2\/pages"}],"about":[{"href":"https:\/\/kolbeck-grab.de\/index.php?rest_route=\/wp\/v2\/types\/page"}],"author":[{"embeddable":true,"href":"https:\/\/kolbeck-grab.de\/index.php?rest_route=\/wp\/v2\/users\/1"}],"replies":[{"embeddable":true,"href":"https:\/\/kolbeck-grab.de\/index.php?rest_route=%2Fwp%2Fv2%2Fcomments&post=4"}],"version-history":[{"count":68,"href":"https:\/\/kolbeck-grab.de\/index.php?rest_route=\/wp\/v2\/pages\/4\/revisions"}],"predecessor-version":[{"id":801,"href":"https:\/\/kolbeck-grab.de\/index.php?rest_route=\/wp\/v2\/pages\/4\/revisions\/801"}],"wp:attachment":[{"href":"https:\/\/kolbeck-grab.de\/index.php?rest_route=%2Fwp%2Fv2%2Fmedia&parent=4"}],"curies":[{"name":"wp","href":"https:\/\/api.w.org\/{rel}","templated":true}]}}